{"id":1909,"date":"2023-09-06T20:48:21","date_gmt":"2023-09-06T20:48:21","guid":{"rendered":"https:\/\/mueblesparanegociosalfagt.com\/?post_type=product&#038;p=1909"},"modified":"2023-09-10T03:57:03","modified_gmt":"2023-09-10T03:57:03","slug":"beretta","status":"publish","type":"product","link":"https:\/\/mueblesparanegociosalfagt.com\/index.php\/product\/beretta\/","title":{"rendered":"Silla beretta"},"content":{"rendered":"<p>Estructura met\u00e1lica de 1.2mm de espesor, tubo redondo reforzado con soporte de metal sujeto a solera de 8mm de espesor asiento base Base de nylon de 24&#8243; con rodajas de nylon brazos Fijos de polipropileno con dise\u00f1o ergon\u00f3mico, sujetos al asiento mecanismo Fijo con palanca para activar pist\u00f3n Asiento con espuma est\u00e1ndar tapizado con tela mesh, respaldo con Malla de alta calidad de resistencia a la tracci\u00f3n<\/p>\n","protected":false},"excerpt":{"rendered":"<p>Estructura met\u00e1lica de 1.2mm de espesor, tubo redondo reforzado con soporte de metal sujeto a solera de 8mm de espesor asiento base Base de nylon de 24&#8243; con rodajas de nylon brazos Fijos de polipropileno con dise\u00f1o ergon\u00f3mico, sujetos al asiento mecanismo Fijo con palanca para activar pist\u00f3n Asiento con espuma est\u00e1ndar tapizado con tela &hellip;<\/p>\n<p class=\"read-more\"> <a class=\"\" href=\"https:\/\/mueblesparanegociosalfagt.com\/index.php\/product\/beretta\/\"> <span class=\"screen-reader-text\">Silla beretta<\/span> Leer m\u00e1s &raquo;<\/a><\/p>\n","protected":false},"featured_media":1879,"template":"","meta":{"_uag_custom_page_level_css":"","site-sidebar-layout":"default","site-content-layout":"default","ast-global-header-display":"","ast-banner-title-visibility":"","ast-main-header-display":"","ast-hfb-above-header-display":"","ast-hfb-below-header-display":"","ast-hfb-mobile-header-display":"","site-post-title":"","ast-breadcrumbs-content":"","ast-featured-img":"","footer-sml-layout":"","theme-transparent-header-meta":"default","adv-header-id-meta":"","stick-header-meta":"","header-above-stick-meta":"","header-main-stick-meta":"","header-below-stick-meta":"","_joinchat":[]},"product_cat":[66],"product_tag":[],"uagb_featured_image_src":{"full":["https:\/\/mueblesparanegociosalfagt.com\/wp-content\/uploads\/2023\/09\/BERETTA-scaled-e1694311852362.jpg",1200,1671,false],"thumbnail":["https:\/\/mueblesparanegociosalfagt.com\/wp-content\/uploads\/2023\/09\/BERETTA-scaled-e1694311852362-150x150.jpg",150,150,true],"medium":["https:\/\/mueblesparanegociosalfagt.com\/wp-content\/uploads\/2023\/09\/BERETTA-scaled-e1694311852362-215x300.jpg",215,300,true],"medium_large":["https:\/\/mueblesparanegociosalfagt.com\/wp-content\/uploads\/2023\/09\/BERETTA-scaled-e1694311852362-768x1069.jpg",768,1069,true],"large":["https:\/\/mueblesparanegociosalfagt.com\/wp-content\/uploads\/2023\/09\/BERETTA-scaled-e1694311852362-735x1024.jpg",735,1024,true],"1536x1536":["https:\/\/mueblesparanegociosalfagt.com\/wp-content\/uploads\/2023\/09\/BERETTA-scaled-e1694311852362-1103x1536.jpg",1103,1536,true],"2048x2048":["https:\/\/mueblesparanegociosalfagt.com\/wp-content\/uploads\/2023\/09\/BERETTA-scaled-e1694311852362.jpg",1200,1671,false],"woocommerce_thumbnail":["https:\/\/mueblesparanegociosalfagt.com\/wp-content\/uploads\/2023\/09\/BERETTA-scaled-e1694311852362-900x900.jpg",900,900,true],"woocommerce_single":["https:\/\/mueblesparanegociosalfagt.com\/wp-content\/uploads\/2023\/09\/BERETTA-scaled-e1694311852362-800x1114.jpg",800,1114,true],"woocommerce_gallery_thumbnail":["https:\/\/mueblesparanegociosalfagt.com\/wp-content\/uploads\/2023\/09\/BERETTA-scaled-e1694311852362-100x100.jpg",100,100,true]},"uagb_author_info":{"display_name":"davichohf44","author_link":"https:\/\/mueblesparanegociosalfagt.com\/index.php\/author\/"},"uagb_comment_info":0,"uagb_excerpt":"Estructura met\u00e1lica de 1.2mm de espesor, tubo redondo reforzado con soporte de metal sujeto a solera de 8mm de espesor asiento base Base de nylon de 24&#8243; con rodajas de nylon brazos Fijos de polipropileno con dise\u00f1o ergon\u00f3mico, sujetos al asiento mecanismo Fijo con palanca para activar pist\u00f3n Asiento con espuma est\u00e1ndar tapizado con tela&hellip;","_links":{"self":[{"href":"https:\/\/mueblesparanegociosalfagt.com\/index.php\/wp-json\/wp\/v2\/product\/1909"}],"collection":[{"href":"https:\/\/mueblesparanegociosalfagt.com\/index.php\/wp-json\/wp\/v2\/product"}],"about":[{"href":"https:\/\/mueblesparanegociosalfagt.com\/index.php\/wp-json\/wp\/v2\/types\/product"}],"version-history":[{"count":2,"href":"https:\/\/mueblesparanegociosalfagt.com\/index.php\/wp-json\/wp\/v2\/product\/1909\/revisions"}],"predecessor-version":[{"id":2075,"href":"https:\/\/mueblesparanegociosalfagt.com\/index.php\/wp-json\/wp\/v2\/product\/1909\/revisions\/2075"}],"wp:featuredmedia":[{"embeddable":true,"href":"https:\/\/mueblesparanegociosalfagt.com\/index.php\/wp-json\/wp\/v2\/media\/1879"}],"wp:attachment":[{"href":"https:\/\/mueblesparanegociosalfagt.com\/index.php\/wp-json\/wp\/v2\/media?parent=1909"}],"wp:term":[{"taxonomy":"product_cat","embeddable":true,"href":"https:\/\/mueblesparanegociosalfagt.com\/index.php\/wp-json\/wp\/v2\/product_cat?post=1909"},{"taxonomy":"product_tag","embeddable":true,"href":"https:\/\/mueblesparanegociosalfagt.com\/index.php\/wp-json\/wp\/v2\/product_tag?post=1909"}],"curies":[{"name":"wp","href":"https:\/\/api.w.org\/{rel}","templated":true}]}}